List the prime factors of 1 + (-14116)/(-6) + (-24)/36.
13, 181
Suppose 5*w - 13 = -2*q, 2 + 1 = -3*q. Suppose -p + 5*p + 5*o - 593 = 0, 2*o = -w*p + 443. What are the prime factors of p?
3, 7
Let a(t) = -4*t - 5. Let k be 2/(-1) - (-9 - -2). Suppose 33 = -k*x + v, 2*x = -v - 0 - 9. List the prime factors of a(x).
19
Let f be ((-30)/4)/((-2)/36). Suppose 0*h - f = -5*h. Suppose 2*p + 2 = 0, -t - p + h = -0*p. List the prime factors of t.
2, 7
Let i(a) = 2*a**2 - 13*a - 17. Suppose -3*o + 2*w + 6 = -2*o, -22 = -o - 2*w. Let n be (-7)/o*10*-2. What are the prime factors of i(n)?
53
Suppose 3 = 3*j - 3. Suppose 0 = j*z + z + 63. List the prime factors of z/(28/(-8) + 2).
2, 7
Let q = 3405 + -1440. What are the prime factors of q?
3, 5, 131
Let l(a) = -608*a - 3. Let y be l(-1). Suppose -v - 605 = -5*b, -5*b - 16*v + 12*v = -y. List the prime factors of b.
11
Suppose 8*o = 15*o + 1183. Let g = o - -299. List the prime factors of g.
2, 5, 13
Let f(y) be the first derivative of y**4/4 + 3*y**3 - 5*y**2/2 - 13*y + 2. Suppose 2*t - 4*l = 2, -5*t - 50 = -0*l + l. List the prime factors of f(t).
2
Let q(p) = 43*p**2 - 2*p - 1. Let g be (1/(-2))/(4/8). What are the prime factors of q(g)?
2, 11
Let i = -42 + 102. List the prime factors of ((-86)/4)/(2 - 126/i).
5, 43
Let s = 6637 - 538. What are the prime factors of s?
3, 19, 107
Let r = 18 - 14. Suppose w + 0*z = 3*z - 30, 78 = -r*w - 2*z. What are the prime factors of (-3 - -1 - w)/1?
19
Suppose 7*a - 368 = 2810. List the prime factors of a.
2, 227
Let c(g) be the third derivative of g**6/120 - 7*g**5/60 + g**4/4 - g**3/6 - 29*g**2. What are the prime factors of c(7)?
41
Let c = -9 - -13. Suppose 4*v - 2*k + 616 = 0, c*v = 4*k - 315 - 305. List the prime factors of (2/3)/((-6)/v).
17
Let i(x) = x**2 - 11*x + 22. Let j be i(9). Suppose 4*t = -0*q + 2*q - 112, j*t + 262 = 5*q. What are the prime factors of q?
2, 5
Let v = 2108 - 471. What are the prime factors of v?
1637
Suppose -5*a + 751 = -4*a - 5*p, 5*a = p + 3659. List the prime factors of a.
17, 43
Let p(u) = 39*u**3 - u**2 + 2*u - 2. Let z be p(1). What are the prime factors of (z + 0)*65/26?
5, 19
Let n(r) = -9*r**3 - 67*r**2 - 61*r + 109. Let g(l) = -5*l**3 - 34*l**2 - 31*l + 54. Let z(s) = -11*g(s) + 6*n(s). List the prime factors of z(29).
2, 11
Let f = 112 + -161. Let s = f - -20. Let c = 35 + s. List the prime factors of c.
2, 3
Let a = 52 - 52. Suppose a = -5*r + 2*f + 344, 3*r - 229 + 4 = -5*f. What are the prime factors of r?
2, 5, 7
Let r(w) = -w - 1. Let f be r(-3). Suppose m + 4*g - 47 = -2*m, f*g = -m + 17. What are the prime factors of m?
13
Let z(s) = 2*s**2 + 16*s + 11. Let j be z(-14). Suppose 3*u - 67 - j = 0. What are the prime factors of u?
2, 41
Let w(t) = 83*t + 27. List the prime factors of w(6).
3, 5, 7
Let h be ((-36)/(-8))/(1/2). Let l(p) = -p**3 + 8*p**2 + 12*p - 7. Let k be l(h). Let j = 5 + k. What are the prime factors of j?
5
What are the prime factors of (24/(-10))/((-176)/55000)?
2, 3, 5
Let x(z) = -z**2 - z. Let m be x(-3). What are the prime factors of ((-6)/4)/(1/452*m)?
113
Suppose -10*m = -28*m + 8820. List the prime factors of m.
2, 5, 7
Let x = -119 + 62. Let g = -20 - x. What are the prime factors of g?
37
Let v(r) = -23*r - 5. Let j be (-3)/(-4)*(-10 + 6). What are the prime factors of v(j)?
2
Let b(h) = -h**3 - 2*h**2. Let i be b(-2). List the prime factors of i - (-1 + -95 - -2).
2, 47
Suppose 4*b = -4*u + 1520, -3*b + 7*b - 8 = 0. What are the prime factors of u?
2, 3, 7
Let w = 76 + -33. Suppose -49 = -2*x + w. What are the prime factors of x?
2, 23
Let f = 2257 + -1293. List the prime factors of f.
2, 241
Let f(b) = b**3 + 11*b**2 - 14*b - 18. Let v be f(-12). Suppose 3*q + 0*q - y = 68, -4*y = 5*q - 102. Let p = q + v. List the prime factors of p.
2, 7
Let y(x) = 25*x - 53*x - x**3 + 27*x + 9. What are the prime factors of y(-5)?
139
Suppose -10 = -3*g + 11. Suppose -5*h - 262 = -g*h. List the prime factors of h.
131
Suppose 0*b + 1057 = 7*b. Let a = -25 + b. What are the prime factors of a?
2, 3, 7
Suppose -3*k + 888 = 3*k. What are the prime factors of k + 4/(3 - 4)?
2, 3
Let w be (-2142)/(-72) + 1/4. What are the prime factors of (-3)/w*-452*(-5)/(-2)?
113
Let s = 23 - 22. List the prime factors of 199 + 8*s/2.
7, 29
Let o = -30 - -64. Let a = 10 + -9. Let i = o - a. List the prime factors of i.
3, 11
Let b(p) = -p**2 - 8*p - 11. Let w be (-9)/(-6)*10/(-3). What are the prime factors of b(w)?
2
Let i be (22/4)/((-2)/(-4)). Suppose 0 = 4*z - 3*t - i - 7, 5*z + 3*t = 9. Suppose 0 = z*j - 8*j + 85. List the prime factors of j.
17
Suppose -2*w - 36 = -0*w. Let i(u) = -u**3 + 13*u**2 + 12*u. Let m be i(14). Let g = w - m. What are the prime factors of g?
2, 5
Suppose 7 = -4*d - 5*m, 0*m = -m + 1. Let x be (-2)/d + (-28)/6. What are the prime factors of 156/4 + x + 1?
2, 3
Suppose -17 = -2*i + 19. Suppose 0 = -i*x + 8*x + 180. What are the prime factors of x?
2, 3
Let i = 65 + -54. Suppose 550 = -w + i*w. What are the prime factors of w?
5, 11
Let g = -5 + 7. Let a(i) = 5 - 3 - 13*i + 2 + 3*i**g - 2*i**2. List the prime factors of a(13).
2
Let x(i) = -i**3 + 8*i**2 - 3*i + 3. Let u be (-47)/(-9) - 10/45. Suppose 2*d = h + 11, 3*d - 45 = -u*h - 9. What are the prime factors of x(d)?
31
Let h = -8 + 7. Let m be (-2)/(-2)*h/1. What are the prime factors of 4 + m + -1 + 2?
2
What are the prime factors of ((-53230)/(-20))/((-8)/(-16))?
5323
Suppose 9*w - 11*w + 704 = 0. Suppose -3*f - w = -7*f. What are the prime factors of f?
2, 11
Let x(h) = 19*h + 303. What are the prime factors of x(47)?
2, 13, 23
What are the prime factors of 15436/18 + 224/504?
2, 3, 11, 13
Suppose -3*p + 4*p = 2. Suppose 326 + 34 = p*s. What are the prime factors of s?
2, 3, 5
Suppose -3*y + 25 = 5*i, 2*y - 8 - 12 = -5*i. Suppose 0 = y*r - 2*k - 185, 57 = -3*r - 2*k + 184. What are the prime factors of r?
3, 13
Let p(a) = -2*a + 32. Let v be p(14). Let x(r) = 4*r - 8. Let m be x(v). Suppose -163 = -m*h + 261. List the prime factors of h.
53
Suppose 9 = -4*x + x, 5*x = 5*n + 335. What are the prime factors of 20/n - 1073/(-7)?
3, 17
Let s be (-4)/6 - (-215)/3. Let g be 47/2*4/2. Let j = s - g. What are the prime factors of j?
2, 3
Suppose 0 = -17*b + 27381 + 10886. List the prime factors of b.
2251
Let r = 439 + 82. Suppose -6*g + r - 83 = 0. List the prime factors of g.
73
Let f be 370/5 + (2 - 2). Suppose -3*t + f = 5*s, 71 = -5*t + s + 213. What are the prime factors of t?
2, 7
Let o = 379 + 171. Let l = o + -261. List the prime factors of l.
17
Suppose -25600 = 16*b - 41*b. What are the prime factors of b?
2
Suppose 4*q - a = 8*q - 4411, -3*q - 3*a = -3297. List the prime factors of q.
2, 3, 23
Let j(u) = 25*u**2 - u - 7. What are the prime factors of j(5)?
613
Suppose -770 - 298 = -6*o. List the prime factors of o.
2, 89
Suppose d + o - 3269 = 0, 2757 = 4*d + o - 10307. List the prime factors of d.
5, 653
List the prime factors of (9 + 133/(-21))*1503/4.
2, 3, 167
Suppose 0 = 9*k - 11440 + 1585. What are the prime factors of k?
3, 5, 73
Let h = 15 - 11. Suppose -4*q + 4*p + 166 = -110, h*p - 260 = -4*q. What are the prime factors of q?
67
Let d(h) = -7 + 12*h**3 + 5*h - 33*h**3 + 20*h**3 + h**2. Let g be d(-5). Suppose -f = 4*n - 3*f - g, -43 = -n + 5*f. What are the prime factors of n?
2, 7
Suppose y - 2*m = -0*y + 80, -3*m + 3 = 0. Suppose -i - y = -2*i. List the prime factors of i.
2, 41
Let h(t) = 2*t**2 + 2*t - 2. Let b be h(-2). Suppose -b*r + 71 = m - 109, -m - 4*r + 190 = 0. What are the prime factors of m/(-4)*72/(-45)?
2, 17
Suppose -17*c + 28*c = 2849. List the prime factors of c.
7, 37
Suppose -115*f = -85*f - 48000. List the prime factors of f.
2, 5
Suppose 10*d = -2*d + 15516. List the prime factors of d.
3, 431
What are the prime factors of (-4)/(((-36)/(-57))/(-6)) + 0?
2, 19
Suppose n = -4*i + 5*n + 16116, -4033 = -i + 3*n. List the prime factors of i.
4027
Suppose -4*w = y - 1, -2 = 2*y - 5*w - 17. Let k be ((-15)/(-9) + 6/(-9))*349. Suppose -y*v + 4*m + k = 0, 2*m = v - 76 + 5. What are the prime factors of v?
3, 23
Suppose 0 = -90*j + 65*j + 39625. List the prime factors of j.
5, 317
Suppose 2*h - 6 = -72. What are the prime factors of (h/11)/(3/(-283))?
283
Let a(u) = -2*u + 10. Let w be a(7). Let m(x) = x